{"id":351,"date":"2026-02-05T21:51:46","date_gmt":"2026-02-05T20:51:46","guid":{"rendered":"https:\/\/www.eldorado.cz\/?page_id=351"},"modified":"2026-03-09T09:12:02","modified_gmt":"2026-03-09T08:12:02","slug":"premejslim-2026","status":"publish","type":"page","link":"https:\/\/www.eldorado.cz\/?page_id=351","title":{"rendered":"P\u0159emej\u0161l\u00edm 2026"},"content":{"rendered":"\n<p class=\"has-text-align-center\" id=\"block-6f79c570-52ee-4830-9fc3-d72c7dba0b87\">Eldor\u00e1do, spolek d\u011bt\u00ed a ml\u00e1de\u017ee po\u0159\u00e1d\u00e1 tradi\u010dn\u00ed p\u0159edt\u00e1borovou d\u00edlnu<\/p>\n\n\n\n<h1 class=\"wp-block-heading has-text-align-center has-vivid-cyan-blue-color has-text-color has-link-color has-x-large-font-size wp-elements-d10462c298f6a55bfd0862081246462e\" id=\"block-df526285-16e2-4c76-a773-dc4ce3e7115f\"><strong>P\u0159emej\u0161l\u00edm 2026<\/strong><\/h1>\n\n\n\n<h2 class=\"wp-block-heading has-text-align-center has-medium-font-size\" id=\"block-3602bee7-2d2e-49c1-9c71-2288eb35b462\">17. &#8211; 19. 4. 2026<br>N\u00e1chod &#8211; B\u011bloves, Z\u0160 1. M\u00e1je<br><\/h2>\n\n\n\n<h3 class=\"wp-block-heading has-text-align-right has-small-font-size\" id=\"block-6bc80889-7d6f-4f89-88fc-a0e809e9b771\"><em>\u201eZku\u0161enost bez vzd\u011bl\u00e1n\u00ed plat\u00ed v\u00edce ne\u017e naopak vzd\u011bl\u00e1n\u00ed bez zku\u0161enosti.\u201c<\/em><\/h3>\n\n\n\n<p class=\"has-text-align-right has-small-font-size\" id=\"block-30a5f29a-cb8e-471f-921a-7ff172bba7eb\"><small>\u2014&nbsp; Quintus Ennius \u0159\u00edmsk\u00fd spisovatel -239 &#8211; -169 p\u0159. n. l.<\/small><\/p>\n\n\n\n<p id=\"block-1c2d7178-f8cf-4eeb-b32f-a362c2c94b15\">Poj\u010fme pop\u0159emej\u0161let \u010d\u00edm obohatit leto\u0161n\u00ed t\u00e1bory z pohledu dovednost\u00ed, her a z\u00e1\u017eitk\u016f. Doba je pln\u00e1 zm\u011bn, kter\u00e9 n\u00e1s nut\u00ed reagovat a zm\u011bny p\u0159ij\u00edmat. \u00da\u010dastn\u00edci na\u0161ich t\u00e1bor\u016f tyto zm\u011bny v bezpe\u010dn\u00e9m prost\u0159ed\u00ed za\u017e\u00edvaj\u00ed tak\u00e9.<\/p>\n\n\n\n<h3 class=\"wp-block-heading has-vivid-cyan-blue-color has-text-color has-link-color wp-elements-337fc6f6dc93dc73229c6f0be3c97fe3\" id=\"block-8f67a567-a955-4bc2-bafd-e4bf966e800e\"><strong>Informace pro \u00fa\u010dastn\u00edky<\/strong><\/h3>\n\n\n\n<ul id=\"block-25da8eb4-fba9-4dcc-aa58-527839810120\" class=\"wp-block-list\">\n<li>V\u00edkend s ostatn\u00edmi n\u00e1\u010deln\u00edky &#8211; &#8222;nab\u00edje\u010dka&#8220; na t\u00e1bor.<\/li>\n\n\n\n<li>Vyzkou\u0161\u00edme drobn\u00e9 hry a h\u0159\u00ed\u010dky jako inspiraci.<\/li>\n\n\n\n<li>Prob\u011bhne i n\u011bkolik p\u0159edn\u00e1\u0161ek.&nbsp;<\/li>\n\n\n\n<li>J\u00eddlo a pit\u00ed bude tak\u00e9 zaji\u0161t\u011bno.<\/li>\n<\/ul>\n\n\n\n<h3 class=\"wp-block-heading has-vivid-cyan-blue-color has-text-color has-link-color wp-elements-7eaa6c361e66fb12e26dfbdcb48294a9\" id=\"block-5ad1ac1c-85c4-4d24-ad17-4203f5fab289\"><strong>Program<\/strong><\/h3>\n\n\n\n<ul id=\"block-489c2c0b-37f2-4e59-80bc-5c2abea640b8\" class=\"wp-block-list\">\n<li>hry a praktick\u00e9 semin\u00e1\u0159e (hooodn\u011b)<\/li>\n\n\n\n<li>\u00fanikovka (jak vymyslet a taky si jednu zahrajeme)<\/li>\n\n\n\n<li>LARP &#8211; pro\u010d ne?<\/li>\n\n\n\n<li>a samoz\u0159ejm\u011b dal\u0161\u00ed &#8211; viz odstavec n\u00ed\u017ee \ud83d\ude42<\/li>\n<\/ul>\n\n\n\n<h3 class=\"wp-block-heading has-vivid-cyan-blue-color has-text-color has-link-color wp-elements-bfc3f6c67b58ebf72e6604db28a05071\" id=\"block-d6e7ea5f-3dde-4cf6-aa7d-3ffaae471b55\"><strong>M\u00e1\u0161 sv\u016fj n\u00e1m\u011bt na program?<\/strong><\/h3>\n\n\n\n<p id=\"block-f358231b-dfe7-4085-b98b-da42b5c9f526\">Um\u00ed\u0161 nebo m\u00e1\u0161 n\u011bco o co by ses cht\u011bl\/a pod\u011blit s \u00fa\u010dastn\u00edky? Napi\u0161 mail s t\u00e9matem, po\u017eadovan\u00fdm \u010dasem a preferovanou dobou. Akce je otev\u0159ena pro v\u0161echny.<\/p>\n\n\n\n<h3 class=\"wp-block-heading has-vivid-cyan-blue-color has-text-color has-link-color wp-elements-4d71959f0905309896f57948082e5b58\" id=\"block-3778df59-b358-41f2-96f7-cc291c43f6f3\"><strong>Kdy, kde, kolik a co sebou?<\/strong><\/h3>\n\n\n\n<p id=\"block-c1a613fb-7cd3-4b69-b781-e65bbf6521ad\"><strong>Kdy:<\/strong> p\u00e1tek 17. 4. v 19 hodin (otev\u0159eno u\u017e od 18 hod) &#8211; ned\u011ble 19. 4. 2026 po ob\u011bd\u011b (konec cca ve 14 hodin).<\/p>\n\n\n\n<p id=\"block-b3fbcc63-dff8-4a9c-9777-4021558d1088\"><strong>Kde:<\/strong>\u00a0 Z\u0160 1. M\u00e1je B\u011bloves, 1. M\u00e1je 365, N\u00e1chod &#8211; B\u011bloves<\/p>\n\n\n\n<p id=\"block-7b3bdfa8-384f-4d2d-b1ac-d4ef954793fb\"><strong>Kolik:<\/strong> 500 K\u010d. \u010c\u00edslo \u00fa\u010dtu pro uhrazen\u00ed poplatku je 2700438600\/2010. Do zpr\u00e1vy pro p\u0159\u00edjemce zadej sv\u00e9 jm\u00e9no. Poplatek je nutn\u00e9 uhradit do 10. 3. 2026. QR k\u00f3d platby:<\/p>\n\n\n<div class=\"wp-block-image\">\n<figure class=\"aligncenter size-full is-resized\"><img loading=\"lazy\" decoding=\"async\" width=\"366\" height=\"367\" src=\"https:\/\/www.eldorado.cz\/wp-content\/uploads\/2026\/02\/Snimek-obrazovky-2026-02-05-223034.png\" alt=\"\" class=\"wp-image-367\" style=\"width:141px;height:auto\" srcset=\"https:\/\/www.eldorado.cz\/wp-content\/uploads\/2026\/02\/Snimek-obrazovky-2026-02-05-223034.png 366w, https:\/\/www.eldorado.cz\/wp-content\/uploads\/2026\/02\/Snimek-obrazovky-2026-02-05-223034-300x300.png 300w, https:\/\/www.eldorado.cz\/wp-content\/uploads\/2026\/02\/Snimek-obrazovky-2026-02-05-223034-150x150.png 150w, https:\/\/www.eldorado.cz\/wp-content\/uploads\/2026\/02\/Snimek-obrazovky-2026-02-05-223034-100x100.png 100w\" sizes=\"auto, (max-width: 366px) 100vw, 366px\" \/><\/figure>\n<\/div>\n\n\n<p id=\"block-075e694b-0ed5-4744-9a46-8deabf69fd27\">Akce je z podstatn\u00e9 \u010d\u00e1sti hrazena z rozpo\u010dtu \u00dast\u0159edn\u00ed rady Eldor\u00e1da jako pod\u011bkov\u00e1n\u00ed za va\u0161i pr\u00e1ci.<\/p>\n\n\n\n<h3 class=\"wp-block-heading has-vivid-cyan-blue-color has-text-color has-link-color wp-elements-b7abb81c17fdd264cc01f7fd9a03f27c\" id=\"block-c60ebf08-7be9-4292-9468-cdadb773d117\"><strong>Co sebou?<\/strong><\/h3>\n\n\n\n<p id=\"block-a39e8312-1f90-4786-9bfa-5c0bd44233c7\">Span\u00ed ve \u0161kole ve <strong>spac\u00e1c\u00edch <\/strong>na <strong>karimatk\u00e1ch<\/strong>, WC (ano water), sprchy. Strava zaji\u0161t\u011bna.<br>S sebou samoz\u0159ejm\u011b v\u011bci na ven, po\u010d\u00edtat s promo\u010den\u00edm (a bude toho letos venku hodn\u011b), ale i v\u011bci na \u201edoma\u201c \u2013 <strong>ba\u010dkory<\/strong> (nutn\u00e9!!! \u2013 nelze chodit na boso).<\/p>\n\n\n\n<h3 class=\"wp-block-heading has-vivid-cyan-blue-color has-text-color has-link-color wp-elements-6dc27efdb32d0b62e4f0ba8ff2a359c1\" id=\"block-e03a6d47-e365-441f-8e9f-7dd94884a00e\"><strong>Ot\u00e1zky?<\/strong><\/h3>\n\n\n\n<p id=\"block-fe6588e5-b816-42c8-9106-93985ed4071e\">Pokud nenajde\u0161 odpov\u011b\u010f n\u00ed\u017ee, tak kontaktuj:<br>Honza Bohadlo, <a href=\"mailto:jan.bohadlo@eldorado.cz\">jan.bohadlo@eldorado.cz<\/a>, 731 348 491<br>Kuba Hejzlar, 605 478 323<br>Petr \u00da\u0165a \u0160t\u011bp\u00e1n, <a href=\"mailto:uta@eldoradonachod.info\">uta@eldorado.cz<\/a>, 603 552 614<\/p>\n\n\n\n<p class=\"has-text-align-center has-white-color has-vivid-cyan-blue-background-color has-text-color has-background has-link-color wp-elements-a6d2b3a55a013f0c9a2e81604e64ab64\" id=\"block-69dbfb56-86b7-4a86-9c91-242f9bddce6a\"><a href=\"https:\/\/forms.gle\/gUa1T3yDN4DQqMXKA\"><strong>P\u0159ihl\u00e1\u0161ka na P\u0159emej\u0161l\u00edm 2026 &#8211; ZDE<\/strong><\/a><\/p>\n\n\n\n<h3 class=\"wp-block-heading has-vivid-cyan-blue-color has-text-color has-link-color wp-elements-01f648431482b007c8a40df0b1916d9b\" id=\"block-dc3d06c6-43eb-4455-95ed-b075e8739165\"><strong>Mohu se \u00fa\u010dastnit, i kdy\u017e nejsem \u010dlen Eldor\u00e1da?<\/strong><\/h3>\n\n\n\n<p id=\"block-b700adfd-f785-4e08-9063-c12b3ee92092\">Pokud se zapojuje\u0161 aktivn\u011b v r\u00e1mci akc\u00ed po\u0159\u00e1dan\u00fdch Eldor\u00e1dem, a je jedno zda jsi instruktor nebo podr\u017eta\u0161ka na \u0161t\u00e1bu, pak ano.<\/p>\n\n\n\n<h3 class=\"wp-block-heading has-vivid-cyan-blue-color has-text-color has-link-color wp-elements-7f11e91983780fdb51d8a714ca4bd711\" id=\"block-1859efe2-8cee-4954-b698-81e1e7b94374\"><strong>Jak se dostanu na m\u00edsto?<\/strong><\/h3>\n\n\n\n<p id=\"block-75a20409-194f-40bd-ac62-525012af2cfb\">M\u00edsto kon\u00e1n\u00ed &#8211; Z\u0160 N\u00e1chod, 1. M\u00e1je, 1. M\u00e1je 365, N\u00e1chod &#8211; B\u011bloves<br>Autem &#8211; Parkovi\u0161t\u011b Kapit\u00e1na Jaro\u0161e (270 m)<br>Hromadnou &#8211; Vlak: N\u00e1chod &#8211; B\u011bloves \u017est. (530 m), BUS: N\u00e1chod, B\u011bloves, Ida (830 m), <\/p>\n\n\n\n<h3 class=\"wp-block-heading has-vivid-cyan-blue-color has-text-color has-link-color wp-elements-7d43985cb9955c7556280eb14070bbbe\" id=\"block-32ae80d3-64c5-48ce-9652-184279edc560\"><strong>Zaj\u00edm\u00e1 m\u011b &#8230;.<\/strong><\/h3>\n\n\n\n<p id=\"block-3da0a769-ff81-4f5c-8960-1c32bdda16d4\">M\u00e1\u0161 t\u00e9ma, kter\u00e9 ti vrt\u00e1 hlavou? Sv\u011b\u0159 se na mailu. Pop\u0159emej\u0161l\u00edme a pokud se zada\u0159\u00ed, tak tv\u00e9 t\u00e9ma&nbsp; za\u0159ad\u00edme do programu.<\/p>\n\n\n\n<p class=\"has-vivid-cyan-blue-color has-text-color has-link-color wp-elements-d8d05b938235b200deb205e5e2bede91\" id=\"block-07016e79-29b6-4cfe-a8f0-9f7113f33167\"><strong>Kdo je p\u0159ihl\u00e1\u0161en?<\/strong><\/p>\n\n\n\n<iframe loading=\"lazy\" src=\"https:\/\/docs.google.com\/spreadsheets\/d\/e\/2PACX-1vQwGhYUf-nCpMAQfryv2ZbwL0fV72IkNpMBNEl-D6yYw1JMNDxsmWEO3kmQTxxvSz0pBjfJvQwKNPjg\/pubhtml?gid=0&#038;single=true&amp;widget=true&amp;headers=false\" width=\"800\" height=\"450\"><\/iframe>\n","protected":false},"excerpt":{"rendered":"<p>Eldor\u00e1do, spolek d\u011bt\u00ed a ml\u00e1de\u017ee po\u0159\u00e1d\u00e1 tradi\u010dn\u00ed p\u0159edt\u00e1borovou d\u00edlnu P\u0159emej\u0161l\u00edm 2026 17. &#8211; 19. 4. 2026N\u00e1chod &#8211; B\u011bloves, Z\u0160 1. M\u00e1je \u201eZku\u0161enost bez vzd\u011bl\u00e1n\u00ed plat\u00ed v\u00edce ne\u017e naopak vzd\u011bl\u00e1n\u00ed bez zku\u0161enosti.\u201c \u2014&nbsp; Quintus Ennius \u0159\u00edmsk\u00fd spisovatel -239 &#8211; -169 p\u0159. n. l. Poj\u010fme pop\u0159emej\u0161let \u010d\u00edm obohatit leto\u0161n\u00ed t\u00e1bory z pohledu dovednost\u00ed, her a z\u00e1\u017eitk\u016f. Doba &hellip; <\/p>\n<p class=\"link-more\"><a href=\"https:\/\/www.eldorado.cz\/?page_id=351\" class=\"more-link\">Pokra\u010dovat ve \u010dten\u00ed<span class=\"screen-reader-text\"> &#8222;P\u0159emej\u0161l\u00edm 2026&#8220;<\/span><\/a><\/p>\n","protected":false},"author":1,"featured_media":0,"parent":0,"menu_order":0,"comment_status":"closed","ping_status":"closed","template":"","meta":{"footnotes":""},"class_list":["post-351","page","type-page","status-publish","hentry"],"_links":{"self":[{"href":"https:\/\/www.eldorado.cz\/index.php?rest_route=\/wp\/v2\/pages\/351","targetHints":{"allow":["GET"]}}],"collection":[{"href":"https:\/\/www.eldorado.cz\/index.php?rest_route=\/wp\/v2\/pages"}],"about":[{"href":"https:\/\/www.eldorado.cz\/index.php?rest_route=\/wp\/v2\/types\/page"}],"author":[{"embeddable":true,"href":"https:\/\/www.eldorado.cz\/index.php?rest_route=\/wp\/v2\/users\/1"}],"replies":[{"embeddable":true,"href":"https:\/\/www.eldorado.cz\/index.php?rest_route=%2Fwp%2Fv2%2Fcomments&post=351"}],"version-history":[{"count":15,"href":"https:\/\/www.eldorado.cz\/index.php?rest_route=\/wp\/v2\/pages\/351\/revisions"}],"predecessor-version":[{"id":379,"href":"https:\/\/www.eldorado.cz\/index.php?rest_route=\/wp\/v2\/pages\/351\/revisions\/379"}],"wp:attachment":[{"href":"https:\/\/www.eldorado.cz\/index.php?rest_route=%2Fwp%2Fv2%2Fmedia&parent=351"}],"curies":[{"name":"wp","href":"https:\/\/api.w.org\/{rel}","templated":true}]}}