{"id":23,"date":"2021-04-26T17:00:56","date_gmt":"2021-04-26T15:00:56","guid":{"rendered":"http:\/\/www.eldorado.cz\/?page_id=23"},"modified":"2022-02-17T14:38:49","modified_gmt":"2022-02-17T13:38:49","slug":"kontakty","status":"publish","type":"page","link":"https:\/\/www.eldorado.cz\/?page_id=23","title":{"rendered":"Kontakty"},"content":{"rendered":"\n<p><strong>Eldor\u00e1do, spolek d\u011bt\u00ed a ml\u00e1de\u017ee<\/strong><br>\u010cechova 409, 547 01 N\u00e1chod<br>I\u010c: 46522727<br>Spisov\u00e1 zna\u010dka L 9051, veden\u00e1 u Krajsk\u00e9ho soudu v Hradci Kr\u00e1lov\u00e9<\/p>\n\n\n\n<p><strong>\u00dast\u0159edn\u00ed n\u00e1\u010deln\u00edk Eldor\u00e1da (\u00daNE):<\/strong><br>Jakub Hanu\u0161<br>jakub.hanus@eldorado.cz<\/p>\n\n\n\n<p><strong>Z\u00e1stupce \u00daNE:<\/strong><br>Petr \u0160t\u011bp\u00e1n<br>petr.stepan@eldorado.cz<\/p>\n\n\n\n<p><strong>Hospod\u00e1\u0159 Eldor\u00e1da (HE):<\/strong><br>Lenka Z\u00edtkov\u00e1<br>lenka.zitkova@eldorado.cz<\/p>\n","protected":false},"excerpt":{"rendered":"<p>Eldor\u00e1do, spolek d\u011bt\u00ed a ml\u00e1de\u017ee\u010cechova 409, 547 01 N\u00e1chodI\u010c: 46522727Spisov\u00e1 zna\u010dka L 9051, veden\u00e1 u Krajsk\u00e9ho soudu v Hradci Kr\u00e1lov\u00e9 \u00dast\u0159edn\u00ed n\u00e1\u010deln\u00edk Eldor\u00e1da (\u00daNE):Jakub Hanu\u0161jakub.hanus@eldorado.cz Z\u00e1stupce \u00daNE:Petr \u0160t\u011bp\u00e1npetr.stepan@eldorado.cz Hospod\u00e1\u0159 Eldor\u00e1da (HE):Lenka Z\u00edtkov\u00e1lenka.zitkova@eldorado.cz<\/p>\n","protected":false},"author":1,"featured_media":0,"parent":0,"menu_order":0,"comment_status":"closed","ping_status":"closed","template":"","meta":{"footnotes":""},"class_list":["post-23","page","type-page","status-publish","hentry"],"_links":{"self":[{"href":"https:\/\/www.eldorado.cz\/index.php?rest_route=\/wp\/v2\/pages\/23","targetHints":{"allow":["GET"]}}],"collection":[{"href":"https:\/\/www.eldorado.cz\/index.php?rest_route=\/wp\/v2\/pages"}],"about":[{"href":"https:\/\/www.eldorado.cz\/index.php?rest_route=\/wp\/v2\/types\/page"}],"author":[{"embeddable":true,"href":"https:\/\/www.eldorado.cz\/index.php?rest_route=\/wp\/v2\/users\/1"}],"replies":[{"embeddable":true,"href":"https:\/\/www.eldorado.cz\/index.php?rest_route=%2Fwp%2Fv2%2Fcomments&post=23"}],"version-history":[{"count":4,"href":"https:\/\/www.eldorado.cz\/index.php?rest_route=\/wp\/v2\/pages\/23\/revisions"}],"predecessor-version":[{"id":147,"href":"https:\/\/www.eldorado.cz\/index.php?rest_route=\/wp\/v2\/pages\/23\/revisions\/147"}],"wp:attachment":[{"href":"https:\/\/www.eldorado.cz\/index.php?rest_route=%2Fwp%2Fv2%2Fmedia&parent=23"}],"curies":[{"name":"wp","href":"https:\/\/api.w.org\/{rel}","templated":true}]}}