{"id":21,"date":"2021-04-26T17:00:56","date_gmt":"2021-04-26T15:00:56","guid":{"rendered":"http:\/\/www.eldorado.cz\/?page_id=21"},"modified":"2023-12-03T15:22:01","modified_gmt":"2023-12-03T14:22:01","slug":"dokumenty","status":"publish","type":"page","link":"https:\/\/www.eldorado.cz\/?page_id=21","title":{"rendered":"Dokumenty"},"content":{"rendered":"\n<p><strong>Z\u00e1kladn\u00ed dokumenty Eldor\u00e1da:<\/strong><br><a href=\"https:\/\/www.eldorado.cz\/wp-content\/uploads\/2021\/09\/Stanovy_Eldorada.pdf\">Stanovy Eldor\u00e1da<\/a><br><a href=\"https:\/\/www.eldorado.cz\/wp-content\/uploads\/2023\/12\/Vnitrni_rad_Eldorada.pdf\" data-type=\"URL\" data-id=\"https:\/\/www.eldorado.cz\/wp-content\/uploads\/2021\/09\/Vnitrni_rad_Eldorada.pdf\">Vnit\u0159n\u00ed \u0159\u00e1d Eldor\u00e1da<\/a><br><a href=\"https:\/\/www.eldorado.cz\/wp-content\/uploads\/2021\/09\/Krojovy_predpis.pdf\" data-type=\"URL\" data-id=\"https:\/\/www.eldorado.cz\/wp-content\/uploads\/2021\/09\/Krojovy_predpis.pdf\">Krojov\u00fd p\u0159edpis<\/a><\/p>\n\n\n\n<p><strong>Ostatn\u00ed dokumenty Eldor\u00e1da:<\/strong><br>&#8211; ve\u0159ejn\u00e9<br><br>&#8211; neve\u0159ejn\u00e9<\/p>\n","protected":false},"excerpt":{"rendered":"<p>Z\u00e1kladn\u00ed dokumenty Eldor\u00e1da:Stanovy Eldor\u00e1daVnit\u0159n\u00ed \u0159\u00e1d Eldor\u00e1daKrojov\u00fd p\u0159edpis Ostatn\u00ed dokumenty Eldor\u00e1da:&#8211; ve\u0159ejn\u00e9 &#8211; neve\u0159ejn\u00e9<\/p>\n","protected":false},"author":1,"featured_media":0,"parent":0,"menu_order":0,"comment_status":"closed","ping_status":"closed","template":"","meta":{"footnotes":""},"class_list":["post-21","page","type-page","status-publish","hentry"],"_links":{"self":[{"href":"https:\/\/www.eldorado.cz\/index.php?rest_route=\/wp\/v2\/pages\/21","targetHints":{"allow":["GET"]}}],"collection":[{"href":"https:\/\/www.eldorado.cz\/index.php?rest_route=\/wp\/v2\/pages"}],"about":[{"href":"https:\/\/www.eldorado.cz\/index.php?rest_route=\/wp\/v2\/types\/page"}],"author":[{"embeddable":true,"href":"https:\/\/www.eldorado.cz\/index.php?rest_route=\/wp\/v2\/users\/1"}],"replies":[{"embeddable":true,"href":"https:\/\/www.eldorado.cz\/index.php?rest_route=%2Fwp%2Fv2%2Fcomments&post=21"}],"version-history":[{"count":6,"href":"https:\/\/www.eldorado.cz\/index.php?rest_route=\/wp\/v2\/pages\/21\/revisions"}],"predecessor-version":[{"id":253,"href":"https:\/\/www.eldorado.cz\/index.php?rest_route=\/wp\/v2\/pages\/21\/revisions\/253"}],"wp:attachment":[{"href":"https:\/\/www.eldorado.cz\/index.php?rest_route=%2Fwp%2Fv2%2Fmedia&parent=21"}],"curies":[{"name":"wp","href":"https:\/\/api.w.org\/{rel}","templated":true}]}}