{"id":204,"date":"2023-02-15T20:14:36","date_gmt":"2023-02-15T19:14:36","guid":{"rendered":"https:\/\/www.eldorado.cz\/?page_id=204"},"modified":"2023-02-15T21:49:13","modified_gmt":"2023-02-15T20:49:13","slug":"premejslim-2023","status":"publish","type":"page","link":"https:\/\/www.eldorado.cz\/?page_id=204","title":{"rendered":"P\u0159emej\u0161l\u00edm 2023"},"content":{"rendered":"\n<p class=\"has-text-align-center\">Eldor\u00e1do, spolek d\u011bt\u00ed a ml\u00e1de\u017ee po\u0159\u00e1d\u00e1 tradi\u010dn\u00ed p\u0159edt\u00e1borovou d\u00edlnu<\/p>\n\n\n\n<h1 class=\"has-text-align-center has-vivid-red-color has-text-color has-x-large-font-size wp-block-heading\"><strong>P\u0159emej\u0161l\u00edm 2023<\/strong><\/h1>\n\n\n\n<h2 class=\"has-text-align-center has-medium-font-size wp-block-heading\">21. &#8211; 23. 4. 2023<br>Penzion Ka\u010de\u0159\u00ed, Lachov<br><\/h2>\n\n\n\n<h3 class=\"has-text-align-right has-small-font-size wp-block-heading\"><em>\u201eZku\u0161enost bez vzd\u011bl\u00e1n\u00ed plat\u00ed v\u00edce ne\u017e naopak vzd\u011bl\u00e1n\u00ed bez zku\u0161enosti.\u201c<\/em><\/h3>\n\n\n\n<p class=\"has-text-align-right has-small-font-size\"><small>\u2014&nbsp; Quintus Ennius \u0159\u00edmsk\u00fd spisovatel -239 &#8211; -169 p\u0159. n. l.<\/small><\/p>\n\n\n\n<p>Poj\u010fme pop\u0159emej\u0161let \u010d\u00edm obohatit leto\u0161n\u00ed t\u00e1bory z pohledu dovednost\u00ed, her a z\u00e1\u017eitk\u016f. Doba je pln\u00e1 zm\u011bn, kter\u00e9 n\u00e1s nut\u00ed reagovat a zm\u011bny p\u0159ij\u00edmat. \u00da\u010dastn\u00edci na\u0161ich t\u00e1bor\u016f tyto zm\u011bny v bezpe\u010dn\u00e9m prost\u0159ed\u00ed za\u017e\u00edvaj\u00ed tak\u00e9.<\/p>\n\n\n\n<h3 class=\"has-vivid-red-color has-text-color wp-block-heading\"><strong>Informace pro \u00fa\u010dastn\u00edky<\/strong><\/h3>\n\n\n\n<ul class=\"wp-block-list\">\n<li>V\u00edkend s ostatn\u00edmi n\u00e1\u010deln\u00edky &#8211; &#8222;nab\u00edje\u010dka&#8220; na t\u00e1bor.<\/li>\n\n\n\n<li>Vyzkou\u0161\u00edme drobn\u00e9 hry a h\u0159\u00ed\u010dky jako inspiraci.<\/li>\n\n\n\n<li>Prob\u011bhne i n\u011bkolik p\u0159edn\u00e1\u0161ek.&nbsp;<\/li>\n\n\n\n<li>J\u00eddlo a pit\u00ed bude tak\u00e9 zaji\u0161t\u011bno.<\/li>\n<\/ul>\n\n\n\n<h3 class=\"has-vivid-red-color has-text-color wp-block-heading\"><strong>M\u00e1\u0161 n\u00e1m\u011bt na program?<\/strong><\/h3>\n\n\n\n<p>Um\u00ed\u0161 nebo m\u00e1\u0161 n\u011bco o co by ses cht\u011bl\/a pod\u011blit s \u00fa\u010dastn\u00edky? Napi\u0161 mail s t\u00e9matem, po\u017eadovan\u00fdm \u010dasem a preferovanou dobou. Akce je otev\u0159ena pro v\u0161echny.<\/p>\n\n\n\n<h3 class=\"has-vivid-red-color has-text-color wp-block-heading\"><strong>Kdy, kde, kolik a co sebou?<\/strong><\/h3>\n\n\n\n<p><strong>Kdy:<\/strong> p\u00e1tek 21. 4. v podve\u010der (cca v 19 hodin) &#8211; ned\u011ble 23. 4. 2023 po ob\u011bd\u011b (konec cca ve 13 hodin).<\/p>\n\n\n\n<p><strong>Kde:<\/strong>\u00a0 Penzion Ka\u010de\u0159\u00ed, Lachov (<a href=\"http:\/\/www.penzionkaceri.cz\" target=\"_blank\" rel=\"noreferrer noopener\">www.penzionkaceri.cz<\/a>)<\/p>\n\n\n\n<p><strong>Kolik:<\/strong> 500 K\u010d. \u010c\u00edslo \u00fa\u010dtu pro uhrazen\u00ed poplatku je 2700438600\/2010. Do zpr\u00e1vy pro p\u0159\u00edjemce zadej sv\u00e9 jm\u00e9no. Poplatek je nutn\u00e9 uhradit do 10. 4. 2023.<\/p>\n\n\n\n<p>Akce je z podstatn\u00e9 \u010d\u00e1sti hrazena z rozpo\u010dtu \u00dast\u0159edn\u00ed rady Eldor\u00e1da jako pod\u011bkov\u00e1n\u00ed za va\u0161i pr\u00e1ci.<\/p>\n\n\n\n<h3 class=\"has-vivid-red-color has-text-color wp-block-heading\"><strong>Co sebou?<\/strong><\/h3>\n\n\n\n<p>Letos to bude komfort. Span\u00ed na postel\u00edch a v pe\u0159in\u00e1ch, WC (ano water), sprchy. Strava zaji\u0161t\u011bna.<br>S sebou samoz\u0159ejm\u011b v\u011bci na ven, po\u010d\u00edtat s promo\u010den\u00edm, ale i v\u011bci na &#8222;doma&#8220; &#8211; ba\u010dkory &#8230;<\/p>\n\n\n\n<h3 class=\"has-vivid-red-color has-text-color wp-block-heading\"><strong>Ot\u00e1zky?<\/strong><\/h3>\n\n\n\n<p>Pokud nenajde\u0161 odpov\u011b\u010f n\u00ed\u017ee, tak kontaktuj:<br>Petr \u00da\u0165a \u0160t\u011bp\u00e1n, <a href=\"mailto:uta@eldoradonachod.info\">uta@eldorado.cz<\/a>, 603 552 614<br>Ale\u0161 Huhu Hudec, <a href=\"mailto:huhu@eldoradonachod.info\">huhu@eldoradonachod.info<\/a>, 606 620 648<\/p>\n\n\n\n<div class=\"wp-block-buttons is-layout-flex wp-block-buttons-is-layout-flex\">\n<div class=\"wp-block-button has-custom-width wp-block-button__width-100 is-style-fill\"><a class=\"wp-block-button__link has-vivid-red-background-color has-background wp-element-button\" href=\"https:\/\/docs.google.com\/forms\/d\/e\/1FAIpQLSfvmJFtY_UKrDbRthykEYpfJoPay4tQBuVUItfGp8GlZTQfPQ\/viewform?usp=share_link\">P\u0159ihl\u00e1\u0161ka na P\u0159emej\u0161l\u00edm 2023 &#8211; ZDE<\/a><\/div>\n<\/div>\n\n\n\n<h3 class=\"wp-block-heading\"><strong>Rozd\u00edl mezi P\u0159emej\u0161l\u00edm a EVZ?<\/strong><\/h3>\n\n\n\n<p>P\u0159emej\u0161l\u00edm orientujeme na praktick\u00e9 dovednosti a hlavn\u011b vlastn\u00ed zku\u0161enost. EVZka je zam\u011b\u0159ena v\u00edce na teorii.<\/p>\n\n\n\n<h3 class=\"wp-block-heading\"><strong>Mohu se \u00fa\u010dastnit, i kdy\u017e nejsem \u010dlen Eldor\u00e1da?<\/strong><\/h3>\n\n\n\n<p>Pokud se zapojuje\u0161 aktivn\u011b v r\u00e1mci akc\u00ed po\u0159\u00e1dan\u00fdch Eldor\u00e1dem, a je jedno zda jsi instruktor nebo podr\u017eta\u0161ka na \u0161t\u00e1bu, pak ano.<\/p>\n\n\n\n<h3 class=\"wp-block-heading\"><strong>Jak se dostanu na m\u00edsto?<\/strong><\/h3>\n\n\n\n<p>Vlakem &#8211; zasat\u00e1vka Teplice nad Metuj\u00ed, pak p\u011b\u0161ky asi 1 km<br>Autem &#8211; parkov\u00e1n\u00ed mo\u017en\u00e9 u penzionu<br>P\u011b\u0161ky &#8211; GPS Penzion Ka\u010de\u0159\u00ed: <a href=\"https:\/\/mapy.cz\/s\/fetajanuva\">50.5828633N, 16.1873583E<\/a><\/p>\n\n\n\n<h3 class=\"wp-block-heading\"><strong>Zaj\u00edm\u00e1 m\u011b &#8230;.<\/strong><\/h3>\n\n\n\n<p>M\u00e1\u0161 t\u00e9ma, kter\u00e9 ti vrt\u00e1 hlavou? Sv\u011b\u0159 se na mailu. Pop\u0159emej\u0161l\u00edme a pokud se zada\u0159\u00ed, tak tv\u00e9 t\u00e9ma&nbsp; za\u0159ad\u00edme do programu.<\/p>\n\n\n\n<h3 class=\"has-vivid-red-color has-text-color wp-block-heading\"><strong>Kdo je p\u0159ihl\u00e1\u0161en?<\/strong><\/h3>\n\n\n\n<iframe loading=\"lazy\" src=\"https:\/\/docs.google.com\/spreadsheets\/d\/e\/2PACX-1vSBw25jbrrAI5RA6XxJt22QRd7FNmhZD3SHIEaNs56hDo_mdytHb1mxnYCaAf2nL5TZ17DEB9EcqcZR\/pubhtml?widget=true&amp;headers=false\" width=\"800\" height=\"450\"><\/iframe>\n","protected":false},"excerpt":{"rendered":"<p>Eldor\u00e1do, spolek d\u011bt\u00ed a ml\u00e1de\u017ee po\u0159\u00e1d\u00e1 tradi\u010dn\u00ed p\u0159edt\u00e1borovou d\u00edlnu P\u0159emej\u0161l\u00edm 2023 21. &#8211; 23. 4. 2023Penzion Ka\u010de\u0159\u00ed, Lachov \u201eZku\u0161enost bez vzd\u011bl\u00e1n\u00ed plat\u00ed v\u00edce ne\u017e naopak vzd\u011bl\u00e1n\u00ed bez zku\u0161enosti.\u201c \u2014&nbsp; Quintus Ennius \u0159\u00edmsk\u00fd spisovatel -239 &#8211; -169 p\u0159. n. l. Poj\u010fme pop\u0159emej\u0161let \u010d\u00edm obohatit leto\u0161n\u00ed t\u00e1bory z pohledu dovednost\u00ed, her a z\u00e1\u017eitk\u016f. Doba je pln\u00e1 zm\u011bn, &hellip; <\/p>\n<p class=\"link-more\"><a href=\"https:\/\/www.eldorado.cz\/?page_id=204\" class=\"more-link\">Pokra\u010dovat ve \u010dten\u00ed<span class=\"screen-reader-text\"> &#8222;P\u0159emej\u0161l\u00edm 2023&#8220;<\/span><\/a><\/p>\n","protected":false},"author":1,"featured_media":0,"parent":0,"menu_order":0,"comment_status":"closed","ping_status":"closed","template":"","meta":{"footnotes":""},"class_list":["post-204","page","type-page","status-publish","hentry"],"_links":{"self":[{"href":"https:\/\/www.eldorado.cz\/index.php?rest_route=\/wp\/v2\/pages\/204","targetHints":{"allow":["GET"]}}],"collection":[{"href":"https:\/\/www.eldorado.cz\/index.php?rest_route=\/wp\/v2\/pages"}],"about":[{"href":"https:\/\/www.eldorado.cz\/index.php?rest_route=\/wp\/v2\/types\/page"}],"author":[{"embeddable":true,"href":"https:\/\/www.eldorado.cz\/index.php?rest_route=\/wp\/v2\/users\/1"}],"replies":[{"embeddable":true,"href":"https:\/\/www.eldorado.cz\/index.php?rest_route=%2Fwp%2Fv2%2Fcomments&post=204"}],"version-history":[{"count":19,"href":"https:\/\/www.eldorado.cz\/index.php?rest_route=\/wp\/v2\/pages\/204\/revisions"}],"predecessor-version":[{"id":256,"href":"https:\/\/www.eldorado.cz\/index.php?rest_route=\/wp\/v2\/pages\/204\/revisions\/256"}],"wp:attachment":[{"href":"https:\/\/www.eldorado.cz\/index.php?rest_route=%2Fwp%2Fv2%2Fmedia&parent=204"}],"curies":[{"name":"wp","href":"https:\/\/api.w.org\/{rel}","templated":true}]}}

Přemejšlím 2023

<p class="has-text-align-center">Eldorádo, spolek dětí a mládeže pořádá tradiční předtáborovou dílnu</p>



<h1 class="has-text-align-center has-vivid-red-color has-text-color has-x-large-font-size wp-block-heading"><strong>Přemejšlím 2023</strong></h1>



<h2 class="has-text-align-center has-medium-font-size wp-block-heading">21. &#8211; 23. 4. 2023<br>Penzion Kačeří, Lachov<br></h2>



<h3 class="has-text-align-right has-small-font-size wp-block-heading"><em>„Zkušenost bez vzdělání platí více než naopak vzdělání bez zkušenosti.“</em></h3>



<p class="has-text-align-right has-small-font-size"><small>—&nbsp; Quintus Ennius římský spisovatel -239 &#8211; -169 př. n. l.</small></p>



<p>Pojďme popřemejšlet čím obohatit letošní tábory z pohledu dovedností, her a zážitků. Doba je plná změn, které nás nutí reagovat a změny přijímat. Účastníci našich táborů tyto změny v bezpečném prostředí zažívají také.</p>



<h3 class="has-vivid-red-color has-text-color wp-block-heading"><strong>Informace pro účastníky</strong></h3>



<ul class="wp-block-list">
<li>Víkend s ostatními náčelníky &#8211; &#8222;nabíječka&#8220; na tábor.</li>



<li>Vyzkoušíme drobné hry a hříčky jako inspiraci.</li>



<li>Proběhne i několik přednášek.&nbsp;</li>



<li>Jídlo a pití bude také zajištěno.</li>
</ul>



<h3 class="has-vivid-red-color has-text-color wp-block-heading"><strong>Máš námět na program?</strong></h3>



<p>Umíš nebo máš něco o co by ses chtěl/a podělit s účastníky? Napiš mail s tématem, požadovaným časem a preferovanou dobou. Akce je otevřena pro všechny.</p>



<h3 class="has-vivid-red-color has-text-color wp-block-heading"><strong>Kdy, kde, kolik a co sebou?</strong></h3>



<p><strong>Kdy:</strong> pátek 21. 4. v podvečer (cca v 19 hodin) &#8211; neděle 23. 4. 2023 po obědě (konec cca ve 13 hodin).</p>



<p><strong>Kde:</strong>  Penzion Kačeří, Lachov (<a href="http://www.penzionkaceri.cz" target="_blank" rel="noreferrer noopener">www.penzionkaceri.cz</a>)</p>



<p><strong>Kolik:</strong> 500 Kč. Číslo účtu pro uhrazení poplatku je 2700438600/2010. Do zprávy pro příjemce zadej své jméno. Poplatek je nutné uhradit do 10. 4. 2023.</p>



<p>Akce je z podstatné části hrazena z rozpočtu Ústřední rady Eldoráda jako poděkování za vaši práci.</p>



<h3 class="has-vivid-red-color has-text-color wp-block-heading"><strong>Co sebou?</strong></h3>



<p>Letos to bude komfort. Spaní na postelích a v peřinách, WC (ano water), sprchy. Strava zajištěna.<br>S sebou samozřejmě věci na ven, počítat s promočením, ale i věci na &#8222;doma&#8220; &#8211; bačkory &#8230;</p>



<h3 class="has-vivid-red-color has-text-color wp-block-heading"><strong>Otázky?</strong></h3>



<p>Pokud nenajdeš odpověď níže, tak kontaktuj:<br>Petr Úťa Štěpán, <a href="mailto:uta@eldoradonachod.info">uta@eldorado.cz</a>, 603 552 614<br>Aleš Huhu Hudec, <a href="mailto:huhu@eldoradonachod.info">huhu@eldoradonachod.info</a>, 606 620 648</p>



<div class="wp-block-buttons is-layout-flex wp-block-buttons-is-layout-flex">
<div class="wp-block-button has-custom-width wp-block-button__width-100 is-style-fill"><a class="wp-block-button__link has-vivid-red-background-color has-background wp-element-button" href="https://docs.google.com/forms/d/e/1FAIpQLSfvmJFtY_UKrDbRthykEYpfJoPay4tQBuVUItfGp8GlZTQfPQ/viewform?usp=share_link">Přihláška na Přemejšlím 2023 &#8211; ZDE</a></div>
</div>



<h3 class="wp-block-heading"><strong>Rozdíl mezi Přemejšlím a EVZ?</strong></h3>



<p>Přemejšlím orientujeme na praktické dovednosti a hlavně vlastní zkušenost. EVZka je zaměřena více na teorii.</p>



<h3 class="wp-block-heading"><strong>Mohu se účastnit, i když nejsem člen Eldoráda?</strong></h3>



<p>Pokud se zapojuješ aktivně v rámci akcí pořádaných Eldorádem, a je jedno zda jsi instruktor nebo podržtaška na štábu, pak ano.</p>



<h3 class="wp-block-heading"><strong>Jak se dostanu na místo?</strong></h3>



<p>Vlakem &#8211; zasatávka Teplice nad Metují, pak pěšky asi 1 km<br>Autem &#8211; parkování možné u penzionu<br>Pěšky &#8211; GPS Penzion Kačeří: <a href="https://mapy.cz/s/fetajanuva">50.5828633N, 16.1873583E</a></p>



<h3 class="wp-block-heading"><strong>Zajímá mě &#8230;.</strong></h3>



<p>Máš téma, které ti vrtá hlavou? Svěř se na mailu. Popřemejšlíme a pokud se zadaří, tak tvé téma&nbsp; zařadíme do programu.</p>



<h3 class="has-vivid-red-color has-text-color wp-block-heading"><strong>Kdo je přihlášen?</strong></h3>



<iframe loading="lazy" src="https://docs.google.com/spreadsheets/d/e/2PACX-1vSBw25jbrrAI5RA6XxJt22QRd7FNmhZD3SHIEaNs56hDo_mdytHb1mxnYCaAf2nL5TZ17DEB9EcqcZR/pubhtml?widget=true&amp;headers=false" width="800" height="450"></iframe>

<p>Eldorádo, spolek dětí a mládeže pořádá tradiční předtáborovou dílnu Přemejšlím 2023 21. &#8211; 23. 4. 2023Penzion Kačeří, Lachov „Zkušenost bez vzdělání platí více než naopak vzdělání bez zkušenosti.“ —&nbsp; Quintus Ennius římský spisovatel -239 &#8211; -169 př. n. l. Pojďme popřemejšlet čím obohatit letošní tábory z pohledu dovedností, her a zážitků. Doba je plná změn, &hellip; </p>
<p class="link-more"><a href="https://www.eldorado.cz/?page_id=204" class="more-link">Pokračovat ve čtení<span class="screen-reader-text"> &#8222;Přemejšlím 2023&#8220;</span></a></p>
