{"id":20,"date":"2021-04-26T17:00:56","date_gmt":"2021-04-26T15:00:56","guid":{"rendered":"http:\/\/www.eldorado.cz\/?page_id=20"},"modified":"2026-02-05T22:18:58","modified_gmt":"2026-02-05T21:18:58","slug":"akce","status":"publish","type":"page","link":"https:\/\/www.eldorado.cz\/?page_id=20","title":{"rendered":"Akce"},"content":{"rendered":"\n<p><strong><a href=\"https:\/\/www.eldorado.cz\/?page_id=351\" data-type=\"page\" data-id=\"351\">P\u0159emej\u0161l\u00edm 2026<\/a><\/strong> (17. &#8211; 19. 4. 2026)<\/p>\n\n\n\n<p><a href=\"https:\/\/www.eldorado.cz\/?p=341\"><strong>Hled\u00e1n\u00ed Eldor\u00e1da 2025<\/strong><\/a> (5. 10.- 2025)<\/p>\n\n\n\n<p><strong><a href=\"https:\/\/www.eldorado.cz\/?page_id=325\" data-type=\"page\" data-id=\"325\">Ples Eldor\u00e1da 2025<\/a><\/strong> (12. 9. 2025)<\/p>\n\n\n\n<p><a href=\"https:\/\/www.eldorado.cz\/?page_id=295\" data-type=\"page\" data-id=\"295\"><strong>P\u0159emej\u0161l\u00edm 2025<\/strong><\/a> (11. &#8211; 13. 4. 2025)<\/p>\n\n\n\n<p><strong><a href=\"https:\/\/www.eldorado.cz\/?p=288\">Hled\u00e1n\u00ed Eldor\u00e1da 2024 <\/a><\/strong>(5. 10. 2024)<\/p>\n\n\n\n<p><a href=\"https:\/\/www.eldorado.cz\/?page_id=273\"><strong>Ples Eldor\u00e1da 2024<\/strong><\/a> (6. 9. 2024)<\/p>\n\n\n\n<p><strong><a href=\"https:\/\/www.eldorado.cz\/?page_id=255\">P\u0159emej\u0161l\u00edm 2024<\/a><\/strong> (19. &#8211; 21. 4. 2024)<\/p>\n\n\n\n<p><strong><a href=\"https:\/\/www.eldorado.cz\/?p=243\">Hled\u00e1n\u00ed Eldor\u00e1da 2023<\/a><\/strong> (30. 9. 2023)<\/p>\n\n\n\n<p><strong><a href=\"https:\/\/www.eldorado.cz\/?p=234\">Ples Eldor\u00e1da 2023<\/a><\/strong> (8. 9. 2023)<\/p>\n\n\n\n<p><a href=\"https:\/\/www.eldorado.cz\/?page_id=204\"><strong>P\u0159emej\u0161l\u00edm 2023<\/strong> (21. &#8211; 23. 4. 2023) &#8211; jarn\u00ed &#8222;posilovna&#8220; nejen pro za\u010d\u00ednaj\u00edc\u00ed vedouc\u00ed &#8211; p\u0159ipravte se na t\u00e1bor<\/a><\/p>\n\n\n\n<p><a href=\"https:\/\/www.eldorado.cz\/?p=172\"><strong>Ples Eldor\u00e1da 2022<\/strong> (2.9.2022) &#8211; nez\u016fst\u00e1vejte doma a p\u0159ij\u010fte se pobavit<\/a><\/p>\n\n\n\n<p><a href=\"https:\/\/www.eldorado.cz\/?page_id=183\"><strong>Hled\u00e1n\u00ed Eldor\u00e1da 2022<\/strong> (1.10.2022) &#8211; pochod pln\u00fd her, sout\u011b\u017e\u00ed a poh\u00e1dkov\u00fdch bytost\u00ed<\/a><\/p>\n\n\n\n<p><a href=\"https:\/\/www.eldorado.cz\/?page_id=149\"><strong>P\u0159emej\u0161l\u00edm 2022<\/strong> (22. \u2013 24. 4. 2022) &#8211; nab\u00edjec\u00ed akce nejen pro za\u010d\u00ednaj\u00edc\u00ed vedouc\u00ed letn\u00edch t\u00e1bor\u016f<\/a><\/p>\n","protected":false},"excerpt":{"rendered":"<p>P\u0159emej\u0161l\u00edm 2026 (17. &#8211; 19. 4. 2026) Hled\u00e1n\u00ed Eldor\u00e1da 2025 (5. 10.- 2025) Ples Eldor\u00e1da 2025 (12. 9. 2025) P\u0159emej\u0161l\u00edm 2025 (11. &#8211; 13. 4. 2025) Hled\u00e1n\u00ed Eldor\u00e1da 2024 (5. 10. 2024) Ples Eldor\u00e1da 2024 (6. 9. 2024) P\u0159emej\u0161l\u00edm 2024 (19. &#8211; 21. 4. 2024) Hled\u00e1n\u00ed Eldor\u00e1da 2023 (30. 9. 2023) Ples Eldor\u00e1da 2023 (8. &hellip; <\/p>\n<p class=\"link-more\"><a href=\"https:\/\/www.eldorado.cz\/?page_id=20\" class=\"more-link\">Pokra\u010dovat ve \u010dten\u00ed<span class=\"screen-reader-text\"> &#8222;Akce&#8220;<\/span><\/a><\/p>\n","protected":false},"author":1,"featured_media":0,"parent":0,"menu_order":0,"comment_status":"closed","ping_status":"closed","template":"","meta":{"footnotes":""},"class_list":["post-20","page","type-page","status-publish","hentry"],"_links":{"self":[{"href":"https:\/\/www.eldorado.cz\/index.php?rest_route=\/wp\/v2\/pages\/20","targetHints":{"allow":["GET"]}}],"collection":[{"href":"https:\/\/www.eldorado.cz\/index.php?rest_route=\/wp\/v2\/pages"}],"about":[{"href":"https:\/\/www.eldorado.cz\/index.php?rest_route=\/wp\/v2\/types\/page"}],"author":[{"embeddable":true,"href":"https:\/\/www.eldorado.cz\/index.php?rest_route=\/wp\/v2\/users\/1"}],"replies":[{"embeddable":true,"href":"https:\/\/www.eldorado.cz\/index.php?rest_route=%2Fwp%2Fv2%2Fcomments&post=20"}],"version-history":[{"count":14,"href":"https:\/\/www.eldorado.cz\/index.php?rest_route=\/wp\/v2\/pages\/20\/revisions"}],"predecessor-version":[{"id":363,"href":"https:\/\/www.eldorado.cz\/index.php?rest_route=\/wp\/v2\/pages\/20\/revisions\/363"}],"wp:attachment":[{"href":"https:\/\/www.eldorado.cz\/index.php?rest_route=%2Fwp%2Fv2%2Fmedia&parent=20"}],"curies":[{"name":"wp","href":"https:\/\/api.w.org\/{rel}","templated":true}]}}