{"id":183,"date":"2022-08-24T21:27:06","date_gmt":"2022-08-24T19:27:06","guid":{"rendered":"https:\/\/www.eldorado.cz\/?page_id=183"},"modified":"2022-08-24T21:27:06","modified_gmt":"2022-08-24T19:27:06","slug":"hledani-eldorada-2022","status":"publish","type":"page","link":"https:\/\/www.eldorado.cz\/?page_id=183","title":{"rendered":"Hled\u00e1n\u00ed Eldor\u00e1da 2022"},"content":{"rendered":"\n<figure class=\"wp-block-image size-full\"><img loading=\"lazy\" decoding=\"async\" width=\"545\" height=\"817\" src=\"https:\/\/www.eldorado.cz\/wp-content\/uploads\/2022\/08\/Hledani-Elda-2022.jpg\" alt=\"\" class=\"wp-image-184\" srcset=\"https:\/\/www.eldorado.cz\/wp-content\/uploads\/2022\/08\/Hledani-Elda-2022.jpg 545w, https:\/\/www.eldorado.cz\/wp-content\/uploads\/2022\/08\/Hledani-Elda-2022-200x300.jpg 200w\" sizes=\"auto, (max-width: 545px) 100vw, 545px\" \/><\/figure>\n","protected":false},"excerpt":{"rendered":"","protected":false},"author":1,"featured_media":0,"parent":0,"menu_order":0,"comment_status":"closed","ping_status":"closed","template":"","meta":{"footnotes":""},"class_list":["post-183","page","type-page","status-publish","hentry"],"_links":{"self":[{"href":"https:\/\/www.eldorado.cz\/index.php?rest_route=\/wp\/v2\/pages\/183","targetHints":{"allow":["GET"]}}],"collection":[{"href":"https:\/\/www.eldorado.cz\/index.php?rest_route=\/wp\/v2\/pages"}],"about":[{"href":"https:\/\/www.eldorado.cz\/index.php?rest_route=\/wp\/v2\/types\/page"}],"author":[{"embeddable":true,"href":"https:\/\/www.eldorado.cz\/index.php?rest_route=\/wp\/v2\/users\/1"}],"replies":[{"embeddable":true,"href":"https:\/\/www.eldorado.cz\/index.php?rest_route=%2Fwp%2Fv2%2Fcomments&post=183"}],"version-history":[{"count":1,"href":"https:\/\/www.eldorado.cz\/index.php?rest_route=\/wp\/v2\/pages\/183\/revisions"}],"predecessor-version":[{"id":185,"href":"https:\/\/www.eldorado.cz\/index.php?rest_route=\/wp\/v2\/pages\/183\/revisions\/185"}],"wp:attachment":[{"href":"https:\/\/www.eldorado.cz\/index.php?rest_route=%2Fwp%2Fv2%2Fmedia&parent=183"}],"curies":[{"name":"wp","href":"https:\/\/api.w.org\/{rel}","templated":true}]}}